75 + (39 - -4).
57
Evaluate 7 + -12 + 6 + -8 - 3 - -45.
35
Calculate 93 - (285 - (141 - -4)).
-47
Evaluate 4 + 15 + -7 + 386 + -336.
62
Calculate ((23 - 18) + -15 - 2) + (-1 - -66).
53
-26 - (-164 - -136) - 30
-28
Evaluate 39 - 1 - (48 + 9).
-19
Calculate -43 - -30 - (-2 - 3) - (8 - -5).
-21
Calculate 73 + 167 + (-12 - 203).
25
Calculate 76 - (1 - (2 + -34)).
43
Evaluate -25 + 94 - (71 + -12).
10
Evaluate 45 + (-45 - (-5 - 5)).
10
(-16 - -5) + -241 + 201
-51
Calculate 77 + (1 - (2 - -2)) + 508 + -523.
59
What is (164 - 283) + -1 + -5 + 9 + (21 - 11)?
-106
Evaluate (-374 - -305) + (-9 - -62).
-16
Evaluate 4 - 5 - -10 - (29 - 18 - -15).
-17
Evaluate (1 - 2) + 3 + -6 + -7063 + 7046.
-21
(5 - 3 - 12) + (-3 - -36)
23
What is the value of 4 + 0 + -2 + -9 + (13 - 33)?
-27
Evaluate -1 + 4 + -14 + (0 + -5 - -12) + -133.
-137
What is the value of (-149 - (156 + -344)) + (33 - -1)?
73
What is -54 + 54 + (-45 - (0 + 3 + -8 + 4))?
-44
Evaluate (5 - (-15 + 5 + -2 + 12 + -2)) + 56.
63
What is 11 - 0 - (371 - 351) - (10 + 1)?
-20
Evaluate (-68 - -84) + (6 + 2 - (124 - 19)).
-81
What is (-17 - -1 - ((-33 - -11) + 21)) + 8 + 47?
40
What is the value of (1974 - 1932) + (-1 - 0) + 0 + 3 + -1?
43
-46 + 19 - (-4 - 77)
54
119 - (-136 - -119) - 126
10
What is the value of 4115 - 4096 - (60 + 0 + 2 + -1)?
-42
-76 + (36 - -20) - (-54 + 2)
32
What is -56 + (25 - (-15 + 27)) + -2?
-45
What is the value of (0 + (2 - 4) - 59) + (2403 - 2407)?
-65
Calculate -81 + 2 - 2 - (27 + -121 + 88).
-75
What is -216 + 29 + -14 + 111?
-90
Evaluate 333 + -284 - (0 - -76).
-27
What is the value of 4 + (-15 + -1 - (87 + -105)) + 1 + 17?
24
What is -6 + (5 + -9 - (107 + -125))?
8
What is -217 + 224 - ((-2 - 0) + -86 + 9)?
86
What is (-2 - -10) + (-22 - (20 + -39) - -86)?
91
-8 + -34 + 7 - (574 - 591)
-18
-456 - -450 - (3 - 97)
88
Evaluate 3 + ((-7 + 5 - -12) + 2 - -36).
51
What is 73 - (-10 + 59 + -58 + (-3 - 1) - -4)?
82
Evaluate 27 + 15 + -39 + 38 + 9.
50
Calculate 8 + -48 + (-17 - -52).
-5
What is the value of 20 + 0 - (81 + -27 + -38)?
4
Evaluate -52 - (23 - (40 - (1 + -4))).
-32
Calculate (34 - -2) + (-4 + -15 - (-2 + -15 - -11)).
23
0 + 16 + 20 + -42 + 2 + 32
28
What is the value of 1 + -8 + (-6 - -23) + -635 + 579?
-46
Evaluate 12 + -26 + 129 + 7 + -1 + -9.
112
Calculate -5 + -22 + (3 - 0) - (4017 + -3998).
-43
Evaluate 2 + (-67 - (-22 - -10 - (-23 + 15 + -14))).
-75
What is the value of 34 - (-1 + -74) - 28?
81
What is the value of -80 + 95 + (-5 - (32 - 12))?
-10
What is the value of 11 - 3 - ((-18 - (8 - -1)) + 54)?
-19
What is (-6 - -2 - 18) + 15 - (5 - 5)?
-7
37 + (26 - (4 + 77))
-18
Evaluate (-15 - -83) + -77 + (20 - 2).
9
What is the value of (-3 - 3) + (-61 - -220 - (-10 + 0)) + -13?
150
(13 + (13 - (39 - 12)) - -9) + -60
-52
Evaluate -56 - (29 + -47 + -35).
-3
Calculate -22 + ((-7 - 2) + (0 + -5 - 1) - -7).
-30
Evaluate -355 + 366 + 2 + (-17 - -3).
-1
Evaluate -2 + -72 + 216 + -292 + 111.
-39
Evaluate 4 + 43 + -2 - (2 + -5 + 20 - 19).
47
What is -60 - (2 + -26) - 14?
-50
(0 + -16 + 1 - -1) + (174 - (-120 + 247))
33
Evaluate (-8 - (76 - ((4 - (3 + -1)) + -10))) + 10.
-82
Evaluate -30 + (7 - 96 - -1).
-118
Evaluate (-71 - (-6 + 1 + (36 - 45))) + 13.
-44
What is the value of 10 + (-8 - 1) + 27 + -1?
27
Evaluate -161 - (-213 + 30) - (1 + -1 - 9).
31
Calculate -9 + (-11 - (51 + (-5 + -2 - 3))) + -6.
-67
What is the value of -34 + -1 - (13 - (31 + (9 - (26 - 6))))?
-28
35 - 2 - (-1615 + 1691)
-43
What is 2 + (-3 - 0 - -1) + 268 + -247 + -9?
12
(-6 + 2 - 3) + 1 + 26838 + -26768
64
What is the value of (-11 - (-16 - -15 - 12)) + 10 + 90?
102
What is 7 + 17 + (-77 - -21) - 22?
-54
Evaluate 656 + -706 + (37 - 0).
-13
Evaluate -17 + (-2 - -1) + 457 + -460.
-21
What is the value of -35 - (-29 + 7) - (17 + 44 + (0 - 5))?
-69
What is the value of (190 - 197) + -1 + 7 + (8 - 20)?
-13
What is the value of -1 + 32 - (-2 + (-7 + -4 - -17) + -6)?
33
What is 167 - (102 + -130 + 103)?
92
Evaluate (-31 - -27) + -41 + -1 - (38 - 43 - -7).
-48
What is (1 - 22) + 40 + -91 + 118?
46
-16 - -6 - (-8 - -30 - (-3 + 2 - -5))
-28
What is the value of 9 + 6 + (-35 - (60 + -53))?
-27
Evaluate (18 - -1) + -288 + 264 - (6 + 0) - 14.
-25
Calculate -173 + 231 + 0 + -17.
41
What is the value of -91 + (4 + 5 + 11 - (-144 + 156))?
-83
What is -64 + -10 + 64 + -31 + -1?
-42
Evaluate -34 + 19 + (-83 - -141).
43
What is (62 - (7 + (1 - 8 - -14 - 7))) + -1?
54
Evaluate (-6 - 115) + (125 + -63 - 21).
-80
-4774 + 4757 - (17 + (-1 - -1))
-34
What is the value of 8 + (29 + (64 - 102) - (4 - -1)) - -121?
115
What is -25 + -9 + 115 - 58?
23
1 - 164 - (-18 + (229 - 254))
-120
-12 + (-6 - -67) - (60 + -37)
26
What is -9 + 0 + (509 + -532 - (-36 - 0))?
4
Calculate 49 + (-12 - 53) + -20.
-36
Calculate -17 + (5 - 13) - (2 - (-7 + 18)).
-16
What is -26 + -22 + (-21 - -29 - 8)?
-48
(65 - 19 - 78) + 60
28
Evaluate (1 - -11) + 6 - (8 - (13 - -2) - -2).
23
What is the value of 7 + 1 + (1668 - 1703)?
-27
What is 1 + -61 - ((-31 - -1) + (-1269 - -1295))?
-56
39 - (-13 - (-21 - -17 - -4))
52
-237 + 133 + 41 - -175
112
What is 100 - (-7 + 24) - 10 - 20?
53
Evaluate -35 + (34 - (23 - (27 + -49))).
-46
Calculate (63 - (29 + 14)) + (2 - 7 - 3).
12
-15 + -74 + 12 + 87
10
Calculate (473 - 440) + -64 + 1.
-30
What is -14 + (2 - (-2 + 8) - (19 + -25))?
-12
Evaluate (-18 + -6 - -44) + 5.
25
(-2 - ((-16 - -46) + -29)) + 64
61
Evaluate (-6 - (-14 - -2)) + (-85 - -7) + (2 - -4).
-66
Calculate 31 + -40 + -3 + 2.
-10
(-1 + -2 - 1) + (5 + (27 - 19) - 16)
-7
What is the value of 57 + -43 + 2 + -76?
-60
Evaluate 62 + 15 + -26 + -18 - 51.
-18
What is the value of (7 - (7 + -14)) + 92 - 21?
85
3 - (-26 + 12 + 0 + 26)
-9
What is (-38 - ((-3 - 148) + 29)) + 19?
103
What is the value of (7 - (1 + -1)) + 1 + -62 + (62 - -54)?
62
(-105 - (-70 + (-49 - -77))) + (-2 - 1) + 0
-66
54 + -9 + -59 + 48
34
(39 - (12 + 2 + 65 + -68)) + 3
31
What is (-88 - (-187 - -120)) + (5 - 1) + 145?
128
What is the value of -543 - -549 - (-4 - 27)?
37
What is 1986 + -2024 - (-4 - 3)?
-31
-42 - (-11 - (-15 + 13) - 5) - 6
-34
What is -10 - -62 - (0 - (-9 + 9 + 17))?
69
3 + (-56 - (-82 + 28))
1
What is the value of 2 + (-13 - 18 - -22) + (-2 - (-9 - -1))?
-1
Evaluate 30 - (37 + -7 - 2).
2
Calculate 133 - (-86 + 108 + 12).
99
Calculate -29 + 75 + -67 - -36.
15
-64 - (9 + (-2 - 0) + -8 - (-26 + 11))
-78
Evaluate 47 + (0 + -13 - (-24 + (19 - 5))).
44
What is the value of 17 + (17 - 0 - (589 + -574))?
19
-2542 + 2542 + (-2 - (25 - 6 - (-1 + 3)))
-19
0 + -10 - ((-2 + 26 - 14) + -15)
-5
Evaluate 32 + (10 - -40) + -141.
-59
Evaluate -21 + (-22 + 3 - -4 - 7).
-43
What is the value of 17 + (-16 - 14) - (-57 + 0 + -3)?
47
Evaluate -83 - (-28 + -19) - -49.
13
What is 1 + -9 - (-2 - (12 + 1 - 26) - 9)?
-10
236 + -239 + -5 + -33
-41
What is -121 - (-10 - (-27 - -49)) - 16?
-105
What is the value of (1 - 0) + (6 - 24) + (52 - (57 - -1))?
-23
Calculate -13 - -99 - 79 - (1 + 0 - (6 - 32)).
-20
-57 - (-48 - (-33 - -4))
-38
Evaluate -86 - -107 - (5 - (-2 + 9) - 59).
82
Calculate (-206 - -202) + (-3 - 3) + -28.
-38
What is the value of 1 + -37 + 0 + 26 + (-9 - 1) + 3?
-17
What is the value of 13 + -24 + 11 + -6 - -45?
39
Calculate 28 + (-57 - -19) - 23 - -94.
61
53 - (34 + -59) - 162
-84
Calculate ((3 - 16) + 11 - 7) + -9 - -2.
-16
What is the value of (-57 - (34 - 22)) + (1 - -24)?
-44
Calculate -1 + (5 + 2 - (-113 + 169)) - -17.
-33
Evaluate 50 - -31 - (21 + 10).
50
Evaluate (-327 - -335 - (1 - 10)) + (12 - -2).
31
What is the value of 12 - (12 - 33 - -31)?
2
Calculate -8 + 14 + -14 - (-11 + (1 - (34 - 13))).
23
Calculate (75 - 27) + (16 + -11 - (18 - 1)).
36
Calculate -45 - (-31 + 12 + -11 + 16 + (-4 - -8)).
-35
-9 - (-3 - (-13 - -7 - -4)) - -6 - -76
74
Evaluate -1044 - -1055 - (4 - -67).
-60
1 + -9 + 25 + (-43 - -15)
-11
4 + (-60 - 15) - -116
45
Evaluate 2 - (-7 + -43 - -98).
-46
What is -10 + 5 + 29 - (4 - 22)?
42
What is the value of (3 - 8 - -15) + 98 - (-167 + 191)?
84
Calculate 10057 - 10094 - (1 + -43).
5
What is -12 + 3 - (-118 - (-6 + 9 + -12))?
100
What is the value of (-7 - 70 - 13) + (70 - 108)?
-128
Calculate 4 + (44 - (164 + -78)).
-38
Evaluate 3 + -16 + -1 + (-8 - -11 - -11).
0
Calculate (14 + -8 - 21) + -18 + 31.
-2
Evaluate 8 - ((-5 - 0) + 78 + -80 + 7).
8
Evaluate (-5 - 2) + -6